t the prime factors of 75191.
17, 4423
List the prime factors of 119344.
2, 7459
What are the prime factors of 1106848?
2, 34589
What are the prime factors of 23357550?
2, 3, 5, 155717
List the prime factors of 867.
3, 17
What are the prime factors of 3971949?
3, 661, 2003
List the prime factors of 7151293.
2099, 3407
What are the prime factors of 133413?
3, 7, 6353
List the prime factors of 24844409.
149, 166741
List the prime factors of 442508.
2, 11, 89, 113
List the prime factors of 417575.
5, 16703
What are the prime factors of 5170530?
2, 3, 5, 172351
List the prime factors of 5917496.
2, 13, 17, 3347
List the prime factors of 57869.
7, 1181
What are the prime factors of 1738092?
2, 3, 241, 601
What are the prime factors of 775952?
2, 48497
What are the prime factors of 1037728?
2, 32429
What are the prime factors of 4790452?
2, 29, 61, 677
What are the prime factors of 912668?
2, 83, 2749
What are the prime factors of 307590?
2, 3, 5, 10253
What are the prime factors of 638099?
7, 11, 8287
List the prime factors of 543273.
3, 47, 3853
List the prime factors of 61498.
2, 97, 317
List the prime factors of 6205501.
6205501
What are the prime factors of 5420718?
2, 3, 401, 751
List the prime factors of 135914.
2, 67957
List the prime factors of 327656.
2, 7, 5851
What are the prime factors of 464883?
3, 83, 1867
List the prime factors of 4807550.
2, 5, 11, 8741
What are the prime factors of 154570?
2, 5, 13, 29, 41
List the prime factors of 3521615.
5, 29, 149, 163
List the prime factors of 1983697.
1983697
List the prime factors of 45931.
23, 1997
List the prime factors of 3215519.
71, 45289
What are the prime factors of 871868?
2, 37, 43, 137
What are the prime factors of 2381049?
3, 11, 8017
What are the prime factors of 819316?
2, 257, 797
What are the prime factors of 7163566?
2, 317, 11299
What are the prime factors of 120681?
3, 11, 23, 53
List the prime factors of 259174.
2, 129587
List the prime factors of 91727.
29, 3163
What are the prime factors of 521405?
5, 104281
List the prime factors of 1250539.
89, 14051
List the prime factors of 447071.
37, 43, 281
What are the prime factors of 6498794?
2, 17, 191141
What are the prime factors of 2706098?
2, 353, 3833
What are the prime factors of 137969?
13, 10613
What are the prime factors of 74474?
2, 23, 1619
What are the prime factors of 106641?
3, 17, 41
List the prime factors of 13388722.
2, 6694361
What are the prime factors of 12594919?
47, 173, 1549
List the prime factors of 88115.
5, 17623
List the prime factors of 410333.
7, 11, 73
List the prime factors of 18887199.
3, 167, 37699
List the prime factors of 2386296.
2, 3, 11, 23, 131
What are the prime factors of 300651?
3, 13, 593
What are the prime factors of 4493850?
2, 3, 5, 29959
List the prime factors of 11682743.
47, 248569
What are the prime factors of 619031?
7, 191, 463
List the prime factors of 16947218.
2, 8473609
What are the prime factors of 11487285?
3, 5, 85091
List the prime factors of 1159652.
2, 13, 29, 769
What are the prime factors of 1177951?
29, 151, 269
What are the prime factors of 18637131?
3, 6212377
List the prime factors of 276476.
2, 69119
List the prime factors of 50767.
50767
What are the prime factors of 236286?
2, 3, 13127
What are the prime factors of 321850?
2, 5, 41, 157
List the prime factors of 3082234.
2, 1541117
What are the prime factors of 1110174?
2, 3, 13, 43, 331
List the prime factors of 1552089.
3, 7, 11, 6719
What are the prime factors of 23484761?
23484761
List the prime factors of 181316.
2, 45329
What are the prime factors of 366664?
2, 45833
List the prime factors of 8685715.
5, 631, 2753
What are the prime factors of 3346594?
2, 1673297
List the prime factors of 4287151.
11, 3221
List the prime factors of 24952.
2, 3119
What are the prime factors of 6380576?
2, 17, 37, 317
What are the prime factors of 1851860?
2, 5, 92593
List the prime factors of 3535145.
5, 707029
What are the prime factors of 8670499?
8670499
What are the prime factors of 6052041?
3, 433, 1553
List the prime factors of 279717.
3, 93239
List the prime factors of 4274368.
2, 7, 29, 47
List the prime factors of 3370632.
2, 3, 140443
What are the prime factors of 6970883?
347, 20089
What are the prime factors of 2966305?
5, 593261
What are the prime factors of 382899?
3, 11, 41, 283
What are the prime factors of 3971292?
2, 3, 13, 25457
List the prime factors of 73903.
263, 281
List the prime factors of 72196.
2, 18049
What are the prime factors of 622057?
593, 1049
What are the prime factors of 221623?
221623
List the prime factors of 1830394.
2, 915197
What are the prime factors of 232069?
239, 971
What are the prime factors of 14871546?
2, 3, 275399
What are the prime factors of 29550429?
3, 3283381
What are the prime factors of 4507834?
2, 31, 72707
What are the prime factors of 706240?
2, 5, 2207
What are the prime factors of 29431?
19, 1549
List the prime factors of 1015330.
2, 5, 101533
List the prime factors of 11311399.
11, 1028309
List the prime factors of 7527363.
3, 19, 132059
What are the prime factors of 1400049?
3, 7, 71, 313
What are the prime factors of 804872?
2, 100609
List the prime factors of 446363.
446363
What are the prime factors of 231470?
2, 5, 79, 293
List the prime factors of 1101264.
2, 3, 22943
What are the prime factors of 260429?
13, 23, 67
What are the prime factors of 1073536?
2, 8387
List the prime factors of 18311279.
7, 2615897
List the prime factors of 8500095.
3, 5, 188891
What are the prime factors of 6845724?
2, 3, 190159
What are the prime factors of 612098?
2, 306049
What are the prime factors of 310825?
5, 12433
List the prime factors of 2279723.
41, 55603
List the prime factors of 59199.
3, 7, 2819
What are the prime factors of 223063?
223063
What are the prime factors of 90575?
5, 3623
List the prime factors of 3750668.
2, 937667
What are the prime factors of 2392700?
2, 5, 71, 337
What are the prime factors of 120314?
2, 43, 1399
List the prime factors of 626209.
43, 14563
What are the prime factors of 899874?
2, 3, 49993
What are the prime factors of 1876717?
1876717
What are the prime factors of 1465348?
2, 37, 9901
What are the prime factors of 2356508?
2, 7, 11, 1093
List the prime factors of 1275234.
2, 3, 257, 827
List the prime factors of 2953004.
2, 127, 5813
What are the prime factors of 118888?
2, 7, 11, 193
What are the prime factors of 124974?
2, 3, 53, 131
What are the prime factors of 2967785?
5, 31, 41, 467
List the prime factors of 369096.
2, 3, 7, 13
List the prime factors of 478205.
5, 7, 13, 1051
List the prime factors of 10024396.
2, 2506099
What are the prime factors of 472126?
2, 236063
List the prime factors of 585258.
2, 3, 23, 4241
List the prime factors of 2053985.
5, 547, 751
What are the prime factors of 3627116?
2, 906779
What are the prime factors of 278378?
2, 181, 769
List the prime factors of 733872.
2, 3, 15289
What are the prime factors of 4817135?
5, 963427
List the prime factors of 364265.
5, 11, 37, 179
What are the prime factors of 8327265?
3, 5, 23, 24137
List the prime factors of 632944.
2, 13, 17, 179
What are the prime factors of 16731002?
2, 8365501
What are the prime factors of 82548?
2, 3, 2293
List the prime factors of 3623638.
2, 1811819
What are the prime factors of 412612?
2, 29, 3557
What are the prime factors of 420750?
2, 3, 5, 11, 17
List the prime factors of 91607.
101, 907
List the prime factors of 634001.
431, 1471
List the prime factors of 140329.
7, 20047
List the prime factors of 7330301.
11, 29, 2089
List the prime factors of 722435.
5, 7, 20641
What are the prime factors of 766551?
3, 255517
List the prime factors of 586766.
2, 397, 739
What are the prime factors of 2674977?
3, 891659
What are the prime factors of 158224?
2, 11, 29, 31
What are the prime factors of 2757748?
2, 7, 98491
List the prime factors of 646803.
3, 71867
What are the prime factors of 268516?
2, 67129
What are the prime factors of 175453?
175453
List the prime factors of 14112222.
2, 3, 2352037
What are the prime factors of 7213872?
2, 3, 137, 1097
What are the prime factors of 17401228?
2, 13, 163, 2053
List the prime factors of 9659930.
2, 5, 7, 137999
List the prime factors of 156246.
2, 3, 26041
List the prime factors 